{"id":229,"date":"2014-09-21T07:24:31","date_gmt":"2014-09-21T07:24:31","guid":{"rendered":"http:\/\/www.geraldinebertram.com\/?page_id=229"},"modified":"2014-12-01T10:16:41","modified_gmt":"2014-12-01T10:16:41","slug":"philosophy","status":"publish","type":"page","link":"https:\/\/www.geraldinebertram.com\/?page_id=229","title":{"rendered":"Philosophy"},"content":{"rendered":"<p><img loading=\"lazy\" class=\"alignnone full size-full wp-image-254\" src=\"http:\/\/www.geraldinebertram.com\/wp-content\/uploads\/2014\/09\/21-229-page\/philosophie-image_web1.jpg\" alt=\"philosophie-image_web\" width=\"930\" height=\"445\" srcset=\"https:\/\/www.geraldinebertram.com\/wp-content\/uploads\/2014\/09\/21-229-page\/philosophie-image_web1.jpg 930w, https:\/\/www.geraldinebertram.com\/wp-content\/uploads\/2014\/09\/21-229-page\/philosophie-image_web1-300x143.jpg 300w\" sizes=\"(max-width: 930px) 100vw, 930px\" \/><\/p>\n<p style=\"text-align: justify;\">Fotografie\u00a0<strong>STUDIO BY *<\/strong>\u00a0Geraldine Bertram ist das Studio f\u00fcr professionelle Fotos. Die heutige Welt ist voller Bilder. Bilder \u00fcberall, von jedem, f\u00fcr alle. Professionelle Bilder sprechen Ihre eigene Sprache und sagen genau das, was der Moment in sich birgt. Nur diese pr\u00e4zise Sprache, die handwerklich akkurate Vorbereitung und viel Erfahrung enth\u00fcllen das Geheimnis, welches der gro\u00dfen Bilderflut von heute verborgen bleibt. Weniger ist Mehr.\u00a0<strong>\u00a9 GB<\/strong><\/p>\n<p style=\"text-align: justify;\">Meine Freude ist, Menschen in gl\u00fccklichen Momenten fotografisch begleiten zu d\u00fcrfen, eine Geschichte mit meinen Fotos zu erz\u00e4hlen.<\/p>\n","protected":false},"excerpt":{"rendered":"<p>Fotografie\u00a0STUDIO BY *\u00a0Geraldine Bertram ist das Studio f\u00fcr professionelle Fotos. Die heutige Welt ist voller Bilder. Bilder \u00fcberall, von jedem, f\u00fcr alle. Professionelle Bilder sprechen Ihre eigene Sprache und sagen genau das, was der Moment in sich birgt. Nur diese pr\u00e4zise Sprache, die handwerklich akkurate Vorbereitung und viel Erfahrung enth\u00fcllen das Geheimnis, welches der gro\u00dfen [&hellip;]<\/p>\n","protected":false},"author":1,"featured_media":251,"parent":0,"menu_order":0,"comment_status":"open","ping_status":"open","template":"","meta":[],"_links":{"self":[{"href":"https:\/\/www.geraldinebertram.com\/index.php?rest_route=\/wp\/v2\/pages\/229"}],"collection":[{"href":"https:\/\/www.geraldinebertram.com\/index.php?rest_route=\/wp\/v2\/pages"}],"about":[{"href":"https:\/\/www.geraldinebertram.com\/index.php?rest_route=\/wp\/v2\/types\/page"}],"author":[{"embeddable":true,"href":"https:\/\/www.geraldinebertram.com\/index.php?rest_route=\/wp\/v2\/users\/1"}],"replies":[{"embeddable":true,"href":"https:\/\/www.geraldinebertram.com\/index.php?rest_route=%2Fwp%2Fv2%2Fcomments&post=229"}],"version-history":[{"count":14,"href":"https:\/\/www.geraldinebertram.com\/index.php?rest_route=\/wp\/v2\/pages\/229\/revisions"}],"predecessor-version":[{"id":1198,"href":"https:\/\/www.geraldinebertram.com\/index.php?rest_route=\/wp\/v2\/pages\/229\/revisions\/1198"}],"wp:featuredmedia":[{"embeddable":true,"href":"https:\/\/www.geraldinebertram.com\/index.php?rest_route=\/wp\/v2\/media\/251"}],"wp:attachment":[{"href":"https:\/\/www.geraldinebertram.com\/index.php?rest_route=%2Fwp%2Fv2%2Fmedia&parent=229"}],"curies":[{"name":"wp","href":"https:\/\/api.w.org\/{rel}","templated":true}]}}